
List the prime factors of 1149.
3, 383
What are the prime factors of 2474?
2, 1237
List the prime factors of 1624.
2, 7, 29
List the prime factors of 171306.
2, 3, 31, 307
List the prime factors of 33754.
2, 7, 2411
What are the prime factors of 2548?
2, 7, 13
What are the prime factors of 1456?
2, 7, 13
List the prime factors of 2848.
2, 89
What are the prime factors of 50389?
41, 1229
What are the prime factors of 11238?
2, 3, 1873
What are the prime factors of 36169?
7, 5167
What are the prime factors of 8728?
2, 1091
What are the prime factors of 10961?
97, 113
List the prime factors of 912.
2, 3, 19
List the prime factors of 74495.
5, 47, 317
What are the prime factors of 764?
2, 191
What are the prime factors of 25022?
2, 12511
What are the prime factors of 80266?
2, 67, 599
What are the prime factors of 137104?
2, 11, 19, 41
What are the prime factors of 4642?
2, 11, 211
What are the prime factors of 37?
37
What are the prime factors of 4588?
2, 31, 37
What are the prime factors of 5178?
2, 3, 863
List the prime factors of 7609.
7, 1087
List the prime factors of 4642.
2, 11, 211
What are the prime factors of 2002?
2, 7, 11, 13
What are the prime factors of 3547?
3547
What are the prime factors of 340?
2, 5, 17
What are the prime factors of 1673?
7, 239
What are the prime factors of 1189?
29, 41
What are the prime factors of 19707?
3, 6569
What are the prime factors of 39105?
3, 5, 11, 79
What are the prime factors of 34560?
2, 3, 5
What are the prime factors of 4053?
3, 7, 193
List the prime factors of 64826.
2, 32413
What are the prime factors of 1074?
2, 3, 179
List the prime factors of 15832.
2, 1979
What are the prime factors of 25926?
2, 3, 29, 149
List the prime factors of 2456.
2, 307
List the prime factors of 22157.
22157
What are the prime factors of 473?
11, 43
List the prime factors of 17640.
2, 3, 5, 7
What are the prime factors of 319?
11, 29
List the prime factors of 1649.
17, 97
List the prime factors of 748.
2, 11, 17
List the prime factors of 2349.
3, 29
What are the prime factors of 1618?
2, 809
What are the prime factors of 1587?
3, 23
What are the prime factors of 77353?
103, 751
List the prime factors of 1176.
2, 3, 7
List the prime factors of 720.
2, 3, 5
What are the prime factors of 679?
7, 97
What are the prime factors of 45184?
2, 353
List the prime factors of 1468.
2, 367
List the prime factors of 865.
5, 173
What are the prime factors of 5355?
3, 5, 7, 17
List the prime factors of 682.
2, 11, 31
List the prime factors of 9028.
2, 37, 61
List the prime factors of 362.
2, 181
List the prime factors of 29481.
3, 31, 317
List the prime factors of 1135.
5, 227
List the prime factors of 10093.
10093
List the prime factors of 63822.
2, 3, 11, 967
List the prime factors of 23442.
2, 3, 3907
What are the prime factors of 884?
2, 13, 17
List the prime factors of 109885.
5, 21977
What are the prime factors of 39869?
39869
List the prime factors of 15844.
2, 17, 233
List the prime factors of 2066.
2, 1033
List the prime factors of 451.
11, 41
List the prime factors of 1062.
2, 3, 59
List the prime factors of 44463.
3, 14821
List the prime factors of 789.
3, 263
List the prime factors of 9917.
47, 211
List the prime factors of 1061.
1061
List the prime factors of 1420.
2, 5, 71
What are the prime factors of 9351?
3, 1039
What are the prime factors of 1069?
1069
What are the prime factors of 3479?
7, 71
List the prime factors of 2135.
5, 7, 61
What are the prime factors of 307?
307
What are the prime factors of 43308?
2, 3, 401
List the prime factors of 64426.
2, 32213
What are the prime factors of 41003?
131, 313
List the prime factors of 29343.
3, 9781
List the prime factors of 2771.
17, 163
List the prime factors of 46263.
3, 7, 2203
What are the prime factors of 12310?
2, 5, 1231
List the prime factors of 250.
2, 5
List the prime factors of 624.
2, 3, 13
List the prime factors of 142.
2, 71
List the prime factors of 2852.
2, 23, 31
List the prime factors of 7800.
2, 3, 5, 13
What are the prime factors of 1820?
2, 5, 7, 13
What are the prime factors of 2111?
2111
List the prime factors of 366.
2, 3, 61
What are the prime factors of 14407?
14407
List the prime factors of 8107.
11, 67
List the prime factors of 1912.
2, 239
List the prime factors of 6114.
2, 3, 1019
List the prime factors of 13161.
3, 41, 107
What are the prime factors of 559?
13, 43
What are the prime factors of 25766?
2, 13, 991
List the prime factors of 6676.
2, 1669
What are the prime factors of 87681?
3, 11, 2657
What are the prime factors of 18268?
2, 4567
What are the prime factors of 53707?
43, 1249
What are the prime factors of 2154?
2, 3, 359
What are the prime factors of 1704?
2, 3, 71
What are the prime factors of 14527?
73, 199
What are the prime factors of 947?
947
What are the prime factors of 3260?
2, 5, 163
List the prime factors of 971.
971
What are the prime factors of 418?
2, 11, 19
What are the prime factors of 8656?
2, 541
What are the prime factors of 1710?
2, 3, 5, 19
List the prime factors of 36191.
36191
What are the prime factors of 429?
3, 11, 13
List the prime factors of 9307.
41, 227
List the prime factors of 1792.
2, 7
List the prime factors of 1462.
2, 17, 43
What are the prime factors of 1746?
2, 3, 97
What are the prime factors of 20006?
2, 7, 1429
List the prime factors of 2112.
2, 3, 11
What are the prime factors of 3529?
3529
List the prime factors of 1841.
7, 263
What are the prime factors of 919?
919
What are the prime factors of 4603?
4603
List the prime factors of 58825.
5, 13, 181
What are the prime factors of 5363?
31, 173
List the prime factors of 675.
3, 5
List the prime factors of 315.
3, 5, 7
List the prime factors of 10727.
17, 631
List the prime factors of 73272.
2, 3, 43, 71
List the prime factors of 927.
3, 103
What are the prime factors of 59293?
13, 4561
What are the prime factors of 2206?
2, 1103
List the prime factors of 24720.
2, 3, 5, 103
What are the prime factors of 4968?
2, 3, 23
List the prime factors of 1533.
3, 7, 73
What are the prime factors of 3151?
23, 137
What are the prime factors of 4306?
2, 2153
What are the prime factors of 1617?
3, 7, 11
What are the prime factors of 22141?
7, 3163
List the prime factors of 9944.
2, 11, 113
What are the prime factors of 1072?
2, 67
What are the prime factors of 1428?
2, 3, 7, 17
List the prime factors of 6914.
2, 3457
What are the prime factors of 11788?
2, 7, 421
What are the prime factors of 1116?
2, 3, 31
What are the prime factors of 135732?
2, 3, 11311
List the prime factors of 3182.
2, 37, 43
What are the prime factors of 1765?
5, 353
What are the prime factors of 23787?
3, 881
What are the prime factors of 108869?
108869
What are the prime factors of 23592?
2, 3, 983
List the prime factors of 183309.
3, 7, 29, 43
List the prime factors of 9885.
3, 5, 659
What are the prime factors of 6488?
2, 811
What are the prime factors of 16535?
5, 3307
List the prime factors of 83.
83
List the prime factors of 113965.
5, 23, 991
List the prime factors of 42306.
2, 3, 11, 641
List the prime factors of 820.
2, 5, 41
What are the prime factors of 14089?
73, 193
What are the prime factors of 3567?
3, 29, 41
What are the prime factors of 53341?
41, 1301
What are the prime factors of 975?
3, 5, 13
What are the prime factors of 6531?
3, 7, 311
What are the prime factors of 6833?
6833
What are the prime factors of 39843?
3, 19, 233
What are the prime factors of 270?
2, 3, 5
What are the prime factors of 24536?
2, 3067
List the prime factors of 1162.
2, 7, 83
List the prime factors of 28675.
5, 31, 37
List the prime factors of 333.
3, 37
What are the prime factors of 17815?
5, 7, 509
What are the prime factors of 21258?
2, 3, 1181
What are the prime factors of 137307?
3, 37, 1237
List the prime factors of 12726.
2, 3, 7, 101
List the prime factors of 2182.
2, 1091
What are the prime factors of 1762?
2, 881
List the prime factors of 1562.
2, 11, 71
List the prime factors of 2963.
2963
What are the prime factors of 5583?
3, 1861
What are the prime factors of 3634?
2, 23, 79
What are the prime factors of 6812?
2, 13, 131
List the prime factors of 36032.
2, 563
What are the prime factors of 60097?
19, 3163
What are the prime factors of 4659?
3, 1553
List the prim